n divisor of t and 46.
2
Suppose -o + 4*r = -123, -r - 25 = -6*r. Suppose o*f + 1560 = 151*f. Calculate the greatest common divisor of 78 and f.
39
Let s(u) = -5*u + 14. Let d be s(-7). Let p = 52 - d. Suppose -c + 2*c + 25 = p*k, -2*k = -3*c - 26. Calculate the greatest common factor of k and 49.
7
Suppose 0 = 3*j + 5*h + 3, 0 = h - 4*h - 9. Suppose -3*y - 174 = -2*k, 2*k - j*y - 182 = -5*y. What is the highest common factor of k and 10?
10
Suppose -2*y + 5 = -5*n, 6*y - 3*y + 5*n = 20. Suppose 14 = -y*g + 19. Let w be (6/(-8))/((-1 - g)/112). Calculate the highest common factor of w and 21.
21
Let i = -317 - -329. Suppose i*r + 21*r = 3993. Let l(x) = 2*x**2 + 6*x + 3. Let h be l(-4). What is the greatest common divisor of r and h?
11
Let t = -7477 - -7592. What is the highest common divisor of 253 and t?
23
Suppose 5*r - 10*h = 3350, 15*r - 13*r - 1354 = 2*h. What is the highest common divisor of 126 and r?
18
Suppose -3*w = 8*x - 10*x - 48, 0 = -3*x + 3*w - 72. Let i = 35 + x. Suppose 450 + 78 = i*n. What is the highest common factor of 48 and n?
48
Suppose -154*k - 14 = -163*k + 13. Calculate the highest common divisor of k and 453.
3
Let i = 157 - 163. Let v(r) = -r**3 - 3*r**2 + 15*r + 6. Let l be v(i). Calculate the highest common factor of l and 192.
24
Let t(f) = f**2 - 24*f + 41. Let i be t(21). Let s = 25 + i. Suppose 0 = c - 4*g + s*g - 16, -5*g = c - 16. Calculate the highest common factor of 40 and c.
8
Let w be 17/((-119)/(-98)) + -3 + 0. Let o(r) = -r**3 + 11*r**2 + r. Let y be o(w). Calculate the greatest common factor of 539 and y.
11
Let n = -101 - -103. Suppose -k + 33 = 3*f, 2*k + n*k - f - 171 = 0. Calculate the highest common divisor of 98 and k.
14
Suppose -191*x - 974 = -193*x - 5*v, 3*x - 1419 = 3*v. Calculate the greatest common divisor of x and 225.
9
Let y = -9567 - -10112. What is the greatest common factor of y and 35?
5
Let h(m) = -18*m + 248. Let w be h(4). What is the greatest common factor of 132 and w?
44
Let a = 4060 - 2872. Calculate the greatest common divisor of 1056 and a.
132
Let g be ((-52)/7 + 4)/(8/(-1316)). What is the highest common divisor of 4 and g?
4
Let t(n) = -13*n + 12 - 9 - 24 - n**2. Let o be t(-11). Let j = -39 + 47. What is the greatest common divisor of o and j?
1
Suppose -11*g + 14*g + 2*q - 11190 = 0, 3*g = 2*q + 11214. What is the highest common divisor of g and 4?
2
Suppose -15466 = -6*z - 4*t, -2*z + 225 + 4905 = -5*t. Calculate the greatest common divisor of 25 and z.
25
Let y be (-12)/(-26) + (-8481620)/(-611). Calculate the highest common divisor of 22 and y.
22
Suppose -189 + 2191 = 101*b + 81*b. What is the highest common factor of b and 6864?
11
Let t be (20 + (-1)/1)*(-325 - -356). What is the highest common factor of t and 248?
31
Let j(q) = 10*q**2 - 72*q + 129. Let z be j(23). What is the greatest common divisor of z and 212?
53
Suppose -416 = -v + 74*h - 71*h, -v + 374 = 4*h. Calculate the greatest common divisor of v and 6.
2
Let i be (-644)/22862 + (-593564)/(-142). What is the greatest common factor of i and 198?
22
Let v(c) = -41*c - 2645. Let t be v(-68). What is the greatest common factor of 377 and t?
13
Let b(m) = -m**2 - 6*m - 3. Let y be b(-4). Let i be (-2 - 0) + y + 22. Let l(d) = d - 7. Let a be l(12). What is the greatest common factor of a and i?
5
Let p(c) = 23*c**2 - 638*c + 1100. Let r be p(26). Let n = 82 - 34. What is the greatest common factor of n and r?
12
Let j be (-324)/(-1) - (3 - 1). Suppose n = -5*u + 302 - 318, -3*n = 5*u - 12. Calculate the greatest common divisor of n and j.
14
Suppose 4*d - 24 - 8 = 0. Suppose 12 = -d*b + 5*b. Let m be 54*(b - (-1 + 20/(-6))). What is the highest common factor of 144 and m?
18
Let y = 449 + -453. Let r be -10*(-8 - -6) - y. Calculate the greatest common factor of r and 136.
8
Let v be (-1223 + -5)*((-4)/6)/((-8)/(-6)). Calculate the highest common factor of 4 and v.
2
Suppose 2*k = w - 22, 4*k - 7*k - 3 = 0. Suppose -b + 31 = -w. What is the greatest common factor of 3 and b?
3
Let f be ((-1832)/(-5))/(68/510). What is the highest common factor of 12 and f?
12
Let l(c) = 2*c**2 + c - 7. Suppose 4*d - 25 = -x, 2*x - 4 = d + 1. Let f be l(d). Calculate the highest common divisor of f and 32.
16
Suppose 9 = 4*x - 7, 3*x - 11358 = -3*m. What is the highest common divisor of m and 248?
62
Suppose -4*c + 25 = -l, 5*l + 20 = -2*c + c. Suppose -105 = -3*s + c*o, 64 = s + 5*o + 9. Calculate the greatest common divisor of 40 and s.
40
Let g(c) = 7*c**2 + 36*c - 7. Let t(x) = -6*x**2 - 34*x + 6. Let r(p) = -2*g(p) - 3*t(p). Let m be r(-8). What is the highest common divisor of m and 9?
3
Let y be 28/((-12 + 27)/270). Calculate the highest common factor of 231 and y.
21
Let x be 7054/24 - (-152)/1824. What is the highest common factor of x and 357?
21
Let v = 5235 - 5117. What is the highest common factor of v and 6962?
118
Let o = 58778 + -37135. Calculate the greatest common factor of o and 69.
23
Let s = -2 + 34. Let c be s/(-12)*(-18)/12. Let j be (12/(-32) - 0)*c*-2. Calculate the highest common divisor of 3 and j.
3
Suppose 20*m - 22*m + 30 = 0. Suppose -830 = 23*y - 28*y - a, 3*y - 4*a = 475. Calculate the highest common factor of y and m.
15
Let d(q) = -33*q + 1293. Let f be d(37). Let z be 1/((-1 + 2)/(-11)). Let g = 35 + z. Calculate the highest common divisor of f and g.
24
Suppose 7*g - 15*g + 816 = 0. Suppose 10 = 5*t, -g + 30 = -2*y + 2*t. What is the greatest common divisor of y and 133?
19
Let y(m) = -7*m + 23. Let b be y(3). Suppose b*u + 242 = -5*c + 1518, 0 = -2*c - 2*u + 508. Calculate the highest common divisor of 16 and c.
16
Suppose p + 291 = -i + 3*i, 2*p = 2*i - 292. Suppose 4*o = -72 + 304. Calculate the greatest common factor of o and i.
29
Let t = -34237 + 34909. Calculate the greatest common factor of 987 and t.
21
Suppose 47*j - 168485 = 300944 + 228098. Calculate the highest common factor of j and 306.
153
Let c(b) = -b**3 + 37*b**2 - 59*b + 85. Let t be c(36). Let q = 748 + t. What is the greatest common factor of 80 and q?
5
Let d(y) = -y**3 + 19*y**2 + 65*y + 69. Let g be d(22). What is the greatest common divisor of 235 and g?
47
Let j(d) be the first derivative of -d**2/2 - 10*d - 1. Let o be j(-15). Calculate the highest common divisor of o and 55.
5
Let v be ((-6)/(54/585))/(1/(-2)). Let t = -338 - -442. Calculate the greatest common factor of t and v.
26
Let n(j) = j**2 + 14*j + 75. Let g be 18/(-15) + 39/(-5). Let h be n(g). Calculate the greatest common divisor of 70 and h.
10
Suppose b = -2*y - 297, -5*b - 2230 = 3*y - 738. Let i = b + 300. What is the highest common divisor of 89 and i?
1
Let y = -26767 - -26799. What is the greatest common divisor of 2648 and y?
8
Suppose -3*g = -2*g - 23. Let n(q) = g + 9 - 7 + q. Let j be n(-3). Calculate the greatest common divisor of j and 11.
11
Let u(l) = 84*l**3 + 28*l**2 - 17*l + 24. Let g be u(2). Calculate the greatest common divisor of 10191 and g.
129
Let b be (-4)/(-5 + (-8)/(-2)) + 7 + 20548. What is the highest common divisor of 33 and b?
33
Suppose -166*j - 41 = -871. Calculate the highest common divisor of 2710 and j.
5
Suppose w - 32 = -5*h + 2, -w = 3*h - 46. Calculate the highest common divisor of w and 864.
32
Suppose -z = 8*h - 272, 4*h - 165 = -z + 91. What is the highest common factor of 5640 and z?
120
Let l = 13385 - 13365. What is the highest common divisor of l and 1165?
5
Suppose -4*q + 2*d = -7*q + 36, -3*d - 31 = -4*q. Let n = -6 + 9. Suppose 2*j = n*o + 24, 0*j - o = 2*j - 32. What is the greatest common divisor of q and j?
5
Let d = 5699 - 5539. Calculate the highest common divisor of d and 1120.
160
Let t be -2*(-2 - -4)*-14 - -3. Let d = t + -41. Let z(o) = 4*o**2 - 4*o + 4. Let s be z(1). What is the greatest common factor of d and s?
2
Suppose 23*t + 924 = 37*t. Let u(q) = q**2 + 14*q + 11. Let f be u(-11). Let l = f - -28. What is the highest common divisor of t and l?
6
Let j = -136 + 189. Let t = -9 + j. What is the greatest common divisor of 484 and t?
44
Suppose 2*x + 3745*m - 430 = 3746*m, -4 = -m. What is the greatest common divisor of 5425 and x?
217
Let k = -89 + 110. Suppose k*v - 15*v - 336 = 0. Suppose -v*l = -51*l - 85. What is the greatest common divisor of l and 34?
17
Let k be -1*-2